	{"id":612,"date":"2016-05-05T10:36:13","date_gmt":"2016-05-05T10:36:13","guid":{"rendered":"http:\/\/basketball.stylemixthemes.com\/?page_id=612"},"modified":"2017-11-07T15:18:45","modified_gmt":"2017-11-07T14:18:45","slug":"salles","status":"publish","type":"page","link":"https:\/\/volly.server-prod.com\/index.php\/le-club\/salles\/","title":{"rendered":"Palais des Sports"},"content":{"rendered":"<div class=\"wpb-content-wrapper\"><p>[vc_row][vc_column][vc_text_separator title=\u00a0\u00bbMatchs de l&rsquo;\u00e9quipe professionnelle\u00a0\u00bb title_align=\u00a0\u00bbseparator_align_left\u00a0\u00bb color=\u00a0\u00bborange\u00a0\u00bb border_width=\u00a0\u00bb2&Prime; el_class=\u00a0\u00bbtitre-separateur\u00a0\u00bb][vc_column_text]<\/p>\n<h2>Palais des sports Jacques Chaban Delmas<\/h2>\n<p>Adresse : 515 Avenue de la monnaie \u2013 34170 Castelnau-le-Lez<br \/>\nT\u00e9l\u00e9phone : 04 67 79 80 07<br \/>\nCapacit\u00e9\u00a0: 2 935 personnes<br \/>\nRev\u00eatement\u00a0: parquet<\/p>\n<p>Pour nous rejoindre :<\/p>\n<p>Tramway\u00a0: Ligne 2 \u2013 Arr\u00eat :\u00a0<strong>Georges Pompidou<\/strong>\u00a0 (\u00e0 500 m) \u00a0direction Jacou[\/vc_column_text][vc_gmaps link=\u00a0\u00bb#E-8_JTNDaWZyYW1lJTIwc3JjJTNEJTIyaHR0cHMlM0ElMkYlMkZ3d3cuZ29vZ2xlLmNvbSUyRm1hcHMlMkZlbWJlZCUzRnBiJTNEJTIxMW0xOCUyMTFtMTIlMjExbTMlMjExZDI4ODcuMTU1MjkwNDIyMzUxOCUyMTJkMy45MTM5NTUwMTU2NzU2MDIlMjEzZDQzLjY0NDkzNzM2MDk4MjYzJTIxMm0zJTIxMWYwJTIxMmYwJTIxM2YwJTIxM20yJTIxMWkxMDI0JTIxMmk3NjglMjE0ZjEzLjElMjEzbTMlMjExbTIlMjExczB4MCUyNTNBMHhmZTY3M2M3NDY3NmI2NyUyMTJzUGFsYWlzJTJCZGVzJTJCU3BvcnRzJTJCJTI1MjJKYWNxdWVzJTJCQ2hhYmFuJTJCRGVsbWFzJTI1MjIlMjE1ZTAlMjEzbTIlMjExc2ZyJTIxMnNmciUyMTR2MTUwMjQ2ODg1NTgwMyUyMiUyMHdpZHRoJTNEJTIyNjAwJTIyJTIwaGVpZ2h0JTNEJTIyNDUwJTIyJTIwZnJhbWVib3JkZXIlM0QlMjIwJTIyJTIwc3R5bGUlM0QlMjJib3JkZXIlM0EwJTIyJTIwYWxsb3dmdWxsc2NyZWVuJTNFJTNDJTJGaWZyYW1lJTNF\u00a0\u00bb size=\u00a0\u00bb\u00a0\u00bb][\/vc_column][\/vc_row][vc_row][vc_column][\/vc_column][\/vc_row]<\/p>\n<\/div>","protected":false},"excerpt":{"rendered":"<p>[vc_row][vc_column][vc_text_separator title=\u00a0\u00bbMatchs de l&rsquo;\u00e9quipe professionnelle\u00a0\u00bb title_align=\u00a0\u00bbseparator_align_left\u00a0\u00bb color=\u00a0\u00bborange\u00a0\u00bb border_width=\u00a0\u00bb2&Prime; el_class=\u00a0\u00bbtitre-separateur\u00a0\u00bb][vc_column_text] Palais des sports Jacques Chaban Delmas Adresse : 515 Avenue de la monnaie \u2013 34170 Castelnau-le-Lez T\u00e9l\u00e9phone : 04 67 79 80 07 Capacit\u00e9\u00a0: 2 935 personnes Rev\u00eatement\u00a0: parquet Pour nous rejoindre : Tramway\u00a0: Ligne 2 \u2013 Arr\u00eat :\u00a0Georges Pompidou\u00a0 (\u00e0 500 m) \u00a0direction Jacou[\/vc_column_text][vc_gmaps link=\u00a0\u00bb#E-8_JTNDaWZyYW1lJTIwc3JjJTNEJTIyaHR0cHMlM0ElMkYlMkZ3d3cuZ29vZ2xlLmNvbSUyRm1hcHMlMkZlbWJlZCUzRnBiJTNEJTIxMW0xOCUyMTFtMTIlMjExbTMlMjExZDI4ODcuMTU1MjkwNDIyMzUxOCUyMTJkMy45MTM5NTUwMTU2NzU2MDIlMjEzZDQzLjY0NDkzNzM2MDk4MjYzJTIxMm0zJTIxMWYwJTIxMmYwJTIxM2YwJTIxM20yJTIxMWkxMDI0JTIxMmk3NjglMjE0ZjEzLjElMjEzbTMlMjExbTIlMjExczB4MCUyNTNBMHhmZTY3M2M3NDY3NmI2NyUyMTJzUGFsYWlzJTJCZGVzJTJCU3BvcnRzJTJCJTI1MjJKYWNxdWVzJTJCQ2hhYmFuJTJCRGVsbWFzJTI1MjIlMjE1ZTAlMjEzbTIlMjExc2ZyJTIxMnNmciUyMTR2MTUwMjQ2ODg1NTgwMyUyMiUyMHdpZHRoJTNEJTIyNjAwJTIyJTIwaGVpZ2h0JTNEJTIyNDUwJTIyJTIwZnJhbWVib3JkZXIlM0QlMjIwJTIyJTIwc3R5bGUlM0QlMjJib3JkZXIlM0EwJTIyJTIwYWxsb3dmdWxsc2NyZWVuJTNFJTNDJTJGaWZyYW1lJTNF\u00a0\u00bb&#8230;<\/p>\n","protected":false},"author":1,"featured_media":0,"parent":534,"menu_order":0,"comment_status":"closed","ping_status":"closed","template":"","meta":[],"_links":{"self":[{"href":"https:\/\/volly.server-prod.com\/index.php\/wp-json\/wp\/v2\/pages\/612"}],"collection":[{"href":"https:\/\/volly.server-prod.com\/index.php\/wp-json\/wp\/v2\/pages"}],"about":[{"href":"https:\/\/volly.server-prod.com\/index.php\/wp-json\/wp\/v2\/types\/page"}],"author":[{"embeddable":true,"href":"https:\/\/volly.server-prod.com\/index.php\/wp-json\/wp\/v2\/users\/1"}],"replies":[{"embeddable":true,"href":"https:\/\/volly.server-prod.com\/index.php\/wp-json\/wp\/v2\/comments?post=612"}],"version-history":[{"count":10,"href":"https:\/\/volly.server-prod.com\/index.php\/wp-json\/wp\/v2\/pages\/612\/revisions"}],"predecessor-version":[{"id":12554,"href":"https:\/\/volly.server-prod.com\/index.php\/wp-json\/wp\/v2\/pages\/612\/revisions\/12554"}],"up":[{"embeddable":true,"href":"https:\/\/volly.server-prod.com\/index.php\/wp-json\/wp\/v2\/pages\/534"}],"wp:attachment":[{"href":"https:\/\/volly.server-prod.com\/index.php\/wp-json\/wp\/v2\/media?parent=612"}],"curies":[{"name":"wp","href":"https:\/\/api.w.org\/{rel}","templated":true}]}}