	{"id":3904,"date":"2017-08-08T15:47:10","date_gmt":"2017-08-08T13:47:10","guid":{"rendered":"http:\/\/www.montpellier-volley.com\/?page_id=3904"},"modified":"2022-10-07T13:34:09","modified_gmt":"2022-10-07T11:34:09","slug":"partenaires","status":"publish","type":"page","link":"https:\/\/volly.server-prod.com\/index.php\/partenaires\/","title":{"rendered":"Partenaires"},"content":{"rendered":"<div class=\"wpb-content-wrapper\"><p>[vc_row][vc_column][vc_text_separator title=\u00a0\u00bbUN CLUB, DES AMBITIONS\u00a0\u00bb title_align=\u00a0\u00bbseparator_align_left\u00a0\u00bb color=\u00a0\u00bborange\u00a0\u00bb border_width=\u00a0\u00bb2&Prime; el_class=\u00a0\u00bbtitre-separateur\u00a0\u00bb][vc_empty_space][vc_single_image image=\u00a0\u00bb25421&Prime; img_size=\u00a0\u00bblarge\u00a0\u00bb alignment=\u00a0\u00bbcenter\u00a0\u00bb][\/vc_column][\/vc_row][vc_row][vc_column][vc_text_separator title=\u00a0\u00bbPOURQUOI DEVENIR PARTENAIRE DU MHSC VB ?\u00a0\u00bb title_align=\u00a0\u00bbseparator_align_left\u00a0\u00bb color=\u00a0\u00bborange\u00a0\u00bb border_width=\u00a0\u00bb2&Prime; el_class=\u00a0\u00bbtitre-separateur\u00a0\u00bb][vc_column_text]1 \u2013 Partager des valeurs fortes : Convivialit\u00e9 &#8211; \u00c9l\u00e9gance &#8211; Fid\u00e9lit\u00e9 &#8211; Professionnalisme<\/p>\n<p>2 \u2013 Int\u00e9grer un r\u00e9seau local.<\/p>\n<p>3 \u2013 Contribuer au fondement d\u2019un club en devenir.<\/p>\n<p>Nous accompagnons un r\u00e9seau de 125 entreprises qui nous font confiance, n\u2019h\u00e9sitez plus, rejoignez-nous ! Pr\u00e9sentation : <a href=\"https:\/\/www.montpellier-volley.com\/wp-content\/uploads\/2022\/10\/Presentation-MHSC-Volley-2022-2023.pdf\">ici<\/a>[\/vc_column_text][\/vc_column][\/vc_row][vc_row][vc_column][vc_text_separator title=\u00a0\u00bbCOMMENT DEVENIR PARTENAIRE DU MHSC VB ?\u00a0\u00bb title_align=\u00a0\u00bbseparator_align_left\u00a0\u00bb color=\u00a0\u00bborange\u00a0\u00bb border_width=\u00a0\u00bb2&Prime; el_class=\u00a0\u00bbtitre-separateur\u00a0\u00bb][vc_column_text]Notre \u00e9quipe marketing est \u00e0 votre disposition pour r\u00e9pondre \u00e0 vos questions et vos demandes.<\/p>\n<p>Pour contacter notre responsable Marketing &amp; Partenariats :<\/p>\n<p><strong>J\u00e9r\u00e9mie GUILLAUME<br \/>\n<\/strong>j.guillaume@montpellier-volley.com<br \/>\n06 71 44 61 33[\/vc_column_text][\/vc_column][\/vc_row]<\/p>\n<\/div>","protected":false},"excerpt":{"rendered":"<p>[vc_row][vc_column][vc_text_separator title=\u00a0\u00bbUN CLUB, DES AMBITIONS\u00a0\u00bb title_align=\u00a0\u00bbseparator_align_left\u00a0\u00bb color=\u00a0\u00bborange\u00a0\u00bb border_width=\u00a0\u00bb2&Prime; el_class=\u00a0\u00bbtitre-separateur\u00a0\u00bb][vc_empty_space][vc_single_image image=\u00a0\u00bb25421&Prime; img_size=\u00a0\u00bblarge\u00a0\u00bb alignment=\u00a0\u00bbcenter\u00a0\u00bb][\/vc_column][\/vc_row][vc_row][vc_column][vc_text_separator title=\u00a0\u00bbPOURQUOI DEVENIR PARTENAIRE DU MHSC VB ?\u00a0\u00bb title_align=\u00a0\u00bbseparator_align_left\u00a0\u00bb color=\u00a0\u00bborange\u00a0\u00bb border_width=\u00a0\u00bb2&Prime; el_class=\u00a0\u00bbtitre-separateur\u00a0\u00bb][vc_column_text]1 \u2013 Partager des valeurs fortes : Convivialit\u00e9 &#8211; \u00c9l\u00e9gance &#8211; Fid\u00e9lit\u00e9 &#8211; Professionnalisme 2 \u2013 Int\u00e9grer un r\u00e9seau local. 3 \u2013 Contribuer au fondement d\u2019un club en devenir. Nous accompagnons un r\u00e9seau&#8230;<\/p>\n","protected":false},"author":1,"featured_media":0,"parent":0,"menu_order":0,"comment_status":"closed","ping_status":"closed","template":"","meta":[],"_links":{"self":[{"href":"https:\/\/volly.server-prod.com\/index.php\/wp-json\/wp\/v2\/pages\/3904"}],"collection":[{"href":"https:\/\/volly.server-prod.com\/index.php\/wp-json\/wp\/v2\/pages"}],"about":[{"href":"https:\/\/volly.server-prod.com\/index.php\/wp-json\/wp\/v2\/types\/page"}],"author":[{"embeddable":true,"href":"https:\/\/volly.server-prod.com\/index.php\/wp-json\/wp\/v2\/users\/1"}],"replies":[{"embeddable":true,"href":"https:\/\/volly.server-prod.com\/index.php\/wp-json\/wp\/v2\/comments?post=3904"}],"version-history":[{"count":10,"href":"https:\/\/volly.server-prod.com\/index.php\/wp-json\/wp\/v2\/pages\/3904\/revisions"}],"predecessor-version":[{"id":26309,"href":"https:\/\/volly.server-prod.com\/index.php\/wp-json\/wp\/v2\/pages\/3904\/revisions\/26309"}],"wp:attachment":[{"href":"https:\/\/volly.server-prod.com\/index.php\/wp-json\/wp\/v2\/media?parent=3904"}],"curies":[{"name":"wp","href":"https:\/\/api.w.org\/{rel}","templated":true}]}}